9). Calculate the greatest common divisor of m and 144.
36
Let u(v) = -v**2 + 32*v - 164. Let i be u(25). What is the highest common factor of 8 and i?
1
Let p be (31/124)/(-1 - 18/(-16)). Suppose -3*i - i = -p*u + 82, -3*u = 5*i - 90. Calculate the greatest common factor of u and 14.
7
Suppose 0 = -0*b + b. Suppose v - 3*z - 45 = b, 2*v - 2*z - 12 = 74. Let l = 3 - -3. What is the greatest common factor of v and l?
6
Let r(v) = 8*v**3 + 3*v**2 - 2*v - 1. Let z be r(1). Suppose 2*a = -a + 192. Calculate the greatest common divisor of a and z.
8
Let p(i) = -3*i + 13. Suppose 6*j - 3 = 5*j. Let m be p(j). What is the greatest common factor of m and 2?
2
Suppose -s + 576 = 2*w, -2*w + 2*s + 259 = -311. Calculate the greatest common divisor of 35 and w.
7
Suppose 36 = 5*k - 3*f, -7*k + 4*k - 2*f = -14. What is the greatest common divisor of k and 12?
6
Let b = 16 + -15. Let s = 8 + b. Calculate the greatest common divisor of 27 and s.
9
Let x be (-10)/3*(-2 + -64). Suppose -4*g + 356 + x = 0. What is the greatest common factor of g and 18?
18
Let m(p) be the first derivative of 2*p**2 + 5*p + 5. Let y be m(4). What is the highest common factor of y and 7?
7
Suppose 2*b + 10 = 3*n, 0 = 4*b - 6*b - 4. Suppose n*h + h - 378 = 0. What is the greatest common divisor of h and 14?
14
Let t(x) = x**3 + 13*x**2 - 17*x + 21. Let o be t(-15). Let u be o/(-14) - (-6)/(-14). Calculate the greatest common factor of u and 16.
4
Let k(u) = -u**3 + u**2 - u - 61. Let d be k(0). Let h = 99 + d. Suppose 4*r - 548 + 153 = 3*x, 2*x + 105 = r. Calculate the greatest common divisor of h and r.
19
Let c be 14/(-63) - (-299)/9. Let t(s) = s**2 + 5*s + 3. Suppose 3*f = 4*q - 2 + 10, -4*f = 16. Let o be t(q). What is the highest common divisor of o and c?
3
Let n = 178 + -123. Suppose -m = -4*m - 3*a + 12, 3*m - 8 = -2*a. Let d be (-5 + -28)*(m - (-2)/(-3)). Calculate the highest common divisor of d and n.
11
Suppose -28*c = -25*c - 720. Calculate the greatest common factor of c and 96.
48
Let a = -23 + 22. Let t be (-352)/(-12) + a/3. Suppose -p - 2*r = -12, -5*r + t = -p + 3*p. What is the greatest common factor of p and 4?
2
Suppose 30 = -11*y + 14*y. Let q be (y + -8)/(1/6). What is the greatest common factor of q and 12?
12
Let b = -96 + 107. What is the highest common divisor of 2 and b?
1
Let x be (-1 - -5)/((-1)/(-2)). Suppose 446 = x*t - 1578. Calculate the highest common divisor of t and 23.
23
Let d = 1031 - 735. Calculate the highest common divisor of d and 8.
8
Suppose -3*l + 4*h + 124 = 0, -4*l + 3*h = -2*l - 82. What is the highest common factor of l and 418?
22
Suppose 3*n + u + 46 = n, -3*n - 74 = 4*u. Let a = 31 + n. Calculate the greatest common factor of a and 27.
9
Let n be 6/10 - 4/(-10). Suppose 11 = 5*h + n. Suppose -h*v - 12 = -5*v. What is the greatest common factor of v and 2?
2
Let o = -6 + 7. Let y(p) = p**3 - 6*p**2 + 11*p - 1. Let l be y(3). What is the highest common divisor of o and l?
1
Suppose 3*w = 6*w - 12. Let h be (-90 - 0/(w + -3))/(-1). What is the highest common factor of 10 and h?
10
Let p be (-3)/5 + 140/25. Let g be (-2)/4*(-3 - p). Let c = 17 - 7. Calculate the greatest common divisor of c and g.
2
Suppose 21*w - 226 = 89. What is the greatest common divisor of 135 and w?
15
Suppose -276*b = -243*b - 2475. Calculate the highest common divisor of 105 and b.
15
Let t(b) = 46*b - 135. Let u be t(4). What is the greatest common factor of u and 1?
1
Let l = 18 + 29. Suppose -7*i = -58 - l. Calculate the greatest common divisor of 30 and i.
15
Suppose 0 = 5*o - 3*w - 1915, -44*o - 785 = -46*o + 5*w. Calculate the highest common factor of o and 38.
38
Let i(s) = 5*s + 9. Let r be i(3). What is the highest common divisor of r and 192?
24
Let o be -4 + 304/72 + 1292/18. What is the highest common factor of 8 and o?
8
Let s(z) be the second derivative of 3*z**5/20 - z**4/12 - z**3/2 + z**2/2 + 5*z. Let u be s(2). What is the highest common factor of 5 and u?
5
Suppose 5*m = 4*i + 64, 0 = -35*m + 33*m - 2*i + 40. Let l = -104 + 152. Calculate the highest common divisor of l and m.
16
Let g be 21/(-35) - (-4641)/35. Calculate the greatest common divisor of 12 and g.
12
Let m = 25 - 28. Let g(w) = -19*w - 1. Let y be g(m). What is the highest common factor of 42 and y?
14
Let q be 346 + 16/(16/(-4)). Calculate the greatest common divisor of 36 and q.
18
Let f(b) = b**3 + 9*b**2 + b - 5. Let c be f(-9). Let i be 245/c*4/(-5). What is the highest common divisor of 42 and i?
14
Let u(j) = -j**3 + 10*j**2 - 3*j - 30. Let k be u(6). What is the greatest common divisor of k and 24?
24
Let u(d) = -5*d + 575. Let p be u(61). Calculate the greatest common divisor of p and 6.
6
Let m(p) be the first derivative of -p**2 - 2/3*p**3 - 6*p + 9 - 1/4*p**4. Let u be m(-4). Calculate the highest common factor of u and 51.
17
Suppose 0 = -2*m + 4*v - 0*v - 4, 5*v - 25 = 0. Calculate the highest common divisor of 196 and m.
4
Let x(h) = -5*h - 28. Let c be x(-6). Suppose 5*a - 3*a - i - 1 = 0, 17 = a + 5*i. Suppose -c*l = a*l - 644. Calculate the greatest common factor of 23 and l.
23
Let q(c) = 29*c - 87. Let h be q(13). Calculate the highest common factor of 10 and h.
10
Suppose 3*w + 2*v = 84, -w + 244*v - 242*v + 28 = 0. Calculate the highest common factor of w and 623.
7
Let f = -43 - -56. Suppose -t - 4*m + 16 = 0, -3*t - f = -4*m - 109. What is the greatest common divisor of t and 7?
7
Suppose 4*n - 24 = -4*j, 5*j = 3*n - n - 5. What is the greatest common divisor of n and 85?
5
Let b(p) = -11*p + 88. Let v be b(-5). Calculate the highest common factor of v and 22.
11
Let p(f) be the third derivative of f**6/120 - f**5/30 + f**4/24 - 5*f**3/6 + 13*f**2. Let r be p(3). What is the highest common factor of r and 49?
7
Suppose 4*h = h + 18. Suppose -4*v = -4*s - v + 12, v - 4 = 0. What is the highest common divisor of s and h?
6
Let l be (1*2)/((-4)/(-62)). Let y(b) = b**2 - 28*b + 466. Let w be y(17). Calculate the highest common factor of w and l.
31
Let x = -804 + 828. What is the greatest common divisor of x and 552?
24
Let u be 16785/150 - 1/(-10). Calculate the greatest common divisor of 144 and u.
16
Suppose -19 = 2*g - 23. Suppose 3*p = -g*m + 458, 4*m + 5*p - 73 = 845. Calculate the greatest common divisor of m and 29.
29
Let d(m) = 3*m - 9. Let t be d(1). Let k = 413 + -192. Let l be k/34 + t/(-4). What is the greatest common divisor of l and 24?
8
Suppose 12*i - 9*i = 27. What is the highest common factor of 63 and i?
9
Suppose -4*p + 6 = 3*y, -5*p + 1 + 5 = 3*y. Suppose -2*x - 23 = -j, -y*x + x = 4. Calculate the greatest common factor of j and 5.
5
Let o(b) be the third derivative of b**3 + 5/24*b**4 + 0*b + 6*b**2 + 0. Let i be o(10). What is the highest common divisor of 8 and i?
8
Let m(w) = -w**3 - 2*w**2 - 4*w - 3. Let u be m(-5). Suppose -3*d + u = -16. Let z = -174 + 178. What is the greatest common divisor of z and d?
4
Suppose 160 = -g + 190. What is the greatest common factor of g and 235?
5
Suppose 0 = 2*t + 2*m - 694, -4*t - 291 = -3*m - 1644. What is the highest common divisor of 38 and t?
38
Suppose 0 = -12*n + 107 + 205. Calculate the greatest common divisor of 143 and n.
13
Let l = -7 + 10. Let d be (-2)/(-3) + 16/l. What is the highest common divisor of d and 48?
6
Let u(y) = -63*y - 249. Let k be u(-7). Calculate the greatest common factor of 160 and k.
32
Suppose -3*v + 4 + 8 = 0. Suppose v*u + 4*t + 75 = 211, -103 = -2*u + 5*t. Calculate the greatest common factor of 13 and u.
13
Let k(h) = 5*h**2 - 42*h + 184. Let s be k(4). Calculate the highest common divisor of 1632 and s.
96
Let l(x) = -9*x. Let i be l(-8). Suppose -4*v = d - 0 + 3, i = 4*d - 5*v. What is the highest common divisor of 143 and d?
13
Suppose 0 = -106*w + 112*w - 816. Suppose -2 - 6 = 2*z. Let f = 13 - z. What is the greatest common factor of f and w?
17
Suppose 8902 + 1468 = 5*k. What is the greatest common divisor of 34 and k?
34
Suppose 4*d - 4*t = 220, 3*d + 284 = 8*d + 4*t. What is the highest common factor of d and 42?
14
Let f(t) = t**3 + 6*t**2 - 8*t - 5. Let a be f(-6). What is the highest common divisor of a and 387?
43
Suppose 0*z - 24 = -t - 2*z, 2*t - 56 = -2*z. Suppose 3*l + 2*u - t = 7*u, 0 = 5*l + 4*u - 4. What is the highest common d